{"id":142,"date":"2021-03-18T12:01:57","date_gmt":"2021-03-18T11:01:57","guid":{"rendered":"https:\/\/www.geoqual.fr\/?page_id=142"},"modified":"2025-01-20T11:53:01","modified_gmt":"2025-01-20T10:53:01","slug":"annuaires","status":"publish","type":"page","link":"https:\/\/www.geoqual.fr\/index.php\/annuaires\/","title":{"rendered":"Annuaires professionnels"},"content":{"rendered":"\n<p><strong>Pour \u00e9tudier et concevoir vos installations<\/strong> de g\u00e9othermie, faites appel \u00e0 des professionnels qualifi\u00e9s en g\u00e9othermie au sens RGE-Etudes :<\/p>\n\n\n\n<ul class=\"wp-block-list\">\n<li>Bureaux d\u2019\u00e9tudes thermiques qualifi\u00e9s en g\u00e9othermie : <a href=\"https:\/\/www.opqibi.com\/recherche-resultat?NomSociete=&amp;NewRegion=4&amp;Region=&amp;Departement=&amp;CodeQualification=2013&amp;CodeQualification2=\" target=\"_blank\" rel=\"noreferrer noopener\">annuaire \u00ab\u00a0OPQIBI 2013\u00a0\u00bb filtr\u00e9 en r\u00e9gion<\/a>.<\/li>\n\n\n\n<li>Cabinets d\u2019hydrog\u00e9ologie qualifi\u00e9s en g\u00e9othermie : <a href=\"https:\/\/www.opqibi.com\/recherche-resultat?NomSociete=&amp;NewRegion=4&amp;Region=&amp;Departement=&amp;CodeQualification=1007&amp;CodeQualification2=\" data-type=\"URL\" data-id=\"https:\/\/www.opqibi.com\/recherche-resultat?NomSociete=&amp;NewRegion=4&amp;Region=&amp;Departement=&amp;CodeQualification=1007&amp;CodeQualification2=\" target=\"_blank\" rel=\"noreferrer noopener\">annuaire \u00ab\u00a0OPQIBI 1007\u00a0\u00bb filtr\u00e9 en r\u00e9gion<\/a>.<\/li>\n<\/ul>\n\n\n\n<p><strong>Pour r\u00e9aliser l&rsquo;installation<\/strong> elle-m\u00eame, faites appel \u00e0 des <a href=\"https:\/\/www.afpg.asso.fr\/geoartisan\/\">installateurs souscrivant \u00e0 la charte \u00ab\u00a0G\u00e9oartisan\u00a0\u00bb<\/a> et\/ou qualifi\u00e9s en g\u00e9othermie au sens RGE-Travaux. Vous pouvez par exemple consulter <a href=\"https:\/\/www.qualit-enr.org\/annuaire\" data-type=\"URL\" data-id=\"https:\/\/www.qualit-enr.org\/annuaire\" target=\"_blank\" rel=\"noreferrer noopener\">l&rsquo;annuaire de Qualit&rsquo;EnR<\/a>, l&rsquo;un des principaux organismes qualificateurs :<\/p>\n\n\n\n<ul class=\"wp-block-list\">\n<li>Saisissez \u00ab\u00a0Pompe \u00e0 chaleur\u00a0\u00bb (et la ville souhait\u00e9e) pour un chauffagiste. <em>Nota Bene : il n&rsquo;existe pas \u00e0 ce jour de distinction permettant de savoir si l&rsquo;installateur est assur\u00e9 pour la g\u00e9othermie.<\/em><\/li>\n\n\n\n<li>Saisissez \u00ab\u00a0Forage g\u00e9othermique\u00a0\u00bb (et la ville souhait\u00e9e) pour un foreur. <em>Nota Bene : il existe une distinction \u00ab\u00a0Sonde\u00a0\u00bb et \u00ab\u00a0Nappe\u00a0\u00bb.<\/em><\/li>\n<\/ul>\n\n\n\n<p>A ce jour, <em>il n&rsquo;existe pas de qualification en g\u00e9othermie pour les terrassiers<\/em>. Les installations de g\u00e9othermie sur \u00e9changeurs compacts pr\u00e9sentent cependant assez peu de technicit\u00e9, et presque tous les terrassiers sont susceptibles d&rsquo;en assurer la r\u00e9alisation.<\/p>\n\n\n\n<p>Enfin, vous pouvez \u00e9galement consulter <a rel=\"noreferrer noopener\" href=\"http:\/\/carto.geoqual.fr\" data-type=\"URL\" data-id=\"carto.geoqual.fr\" target=\"_blank\">quelques exemples d&rsquo;installations en r\u00e9gion<\/a> pour identifier les intervenants. Ces informations apparaissent <strong>en cliquant sur l&rsquo;op\u00e9ration cit\u00e9e en exemple<\/strong>. Vous pourrez aussi les trouver synth\u00e9tis\u00e9es ci-apr\u00e8s.<\/p>\n\n\n\n<p><em>NOTA BENE : les qualifications \u00e9voluant avec le temps, il est possible que ces entreprises ne soient pas qualifi\u00e9es et\/ou aient arr\u00eat\u00e9 de s&rsquo;impliquer en g\u00e9othermie.<\/em><\/p>\n\n\n\n<table align=\"center\">\n<tr><th>Installateur PAC<\/th><th>R\u00e9f\u00e9rence(s)<\/th><\/tr>\n\n<\/table>\n\n\n\n<table align=\"center\">\n<tr><th>Foreur<\/th><th>R\u00e9f\u00e9rence(s)<\/th><\/tr>\n\n<\/table>\n\n\n\n<table align=\"center\">\n<tr><th>Terrassier<\/th><th>R\u00e9f\u00e9rence(s)<\/th><\/tr>\n\n<\/table>\n\n\n\n<table align=\"center\">\n<tr><th>Bureau d&rsquo;\u00e9tudes thermiques<\/th><th>R\u00e9f\u00e9rence(s)<\/th><\/tr>\n\n<\/table>\n\n\n\n<table align=\"center\">\n<tr><th>Bureau d&rsquo;\u00e9tudes sous-sol<\/th><th>R\u00e9f\u00e9rence(s)<\/th><\/tr>\n\n<\/table>\n","protected":false},"excerpt":{"rendered":"<p>Pour \u00e9tudier et concevoir vos installations de g\u00e9othermie, faites appel \u00e0 des professionnels qualifi\u00e9s en g\u00e9othermie au sens RGE-Etudes : Pour r\u00e9aliser l&rsquo;installation elle-m\u00eame, faites appel \u00e0 des installateurs souscrivant \u00e0 la charte \u00ab\u00a0G\u00e9oartisan\u00a0\u00bb et\/ou qualifi\u00e9s en g\u00e9othermie au sens RGE-Travaux. Vous pouvez par exemple consulter l&rsquo;annuaire de Qualit&rsquo;EnR, l&rsquo;un des principaux organismes qualificateurs : [&hellip;]<\/p>\n","protected":false},"author":1,"featured_media":0,"parent":0,"menu_order":0,"comment_status":"closed","ping_status":"closed","template":"","meta":{"footnotes":""},"class_list":["post-142","page","type-page","status-publish","hentry"],"_links":{"self":[{"href":"https:\/\/www.geoqual.fr\/index.php\/wp-json\/wp\/v2\/pages\/142","targetHints":{"allow":["GET"]}}],"collection":[{"href":"https:\/\/www.geoqual.fr\/index.php\/wp-json\/wp\/v2\/pages"}],"about":[{"href":"https:\/\/www.geoqual.fr\/index.php\/wp-json\/wp\/v2\/types\/page"}],"author":[{"embeddable":true,"href":"https:\/\/www.geoqual.fr\/index.php\/wp-json\/wp\/v2\/users\/1"}],"replies":[{"embeddable":true,"href":"https:\/\/www.geoqual.fr\/index.php\/wp-json\/wp\/v2\/comments?post=142"}],"version-history":[{"count":18,"href":"https:\/\/www.geoqual.fr\/index.php\/wp-json\/wp\/v2\/pages\/142\/revisions"}],"predecessor-version":[{"id":281,"href":"https:\/\/www.geoqual.fr\/index.php\/wp-json\/wp\/v2\/pages\/142\/revisions\/281"}],"wp:attachment":[{"href":"https:\/\/www.geoqual.fr\/index.php\/wp-json\/wp\/v2\/media?parent=142"}],"curies":[{"name":"wp","href":"https:\/\/api.w.org\/{rel}","templated":true}]}}