{"id":93,"date":"2021-03-10T18:31:29","date_gmt":"2021-03-10T17:31:29","guid":{"rendered":"https:\/\/geoqual.fr\/?page_id=93"},"modified":"2024-07-17T15:54:37","modified_gmt":"2024-07-17T13:54:37","slug":"le-feder","status":"publish","type":"page","link":"https:\/\/www.geoqual.fr\/index.php\/le-feder\/","title":{"rendered":"Le FEDER"},"content":{"rendered":"\n<p>Le Fonds europ\u00e9en de d\u00e9veloppement r\u00e9gional (FEDER) est un dispositif europ\u00e9en g\u00e9r\u00e9 localement par le Conseil r\u00e9gional. Un appel \u00e0 propositions \u00ab\u00a0g\u00e9othermie\u00a0\u00bb est pr\u00e9sent dans ce dispositif (cf. <a href=\"https:\/\/www.europeocentre-valdeloire.eu\/wp-content\/uploads\/2024\/06\/DOMO-21-27-Version20240529.pdf\">action 18<\/a>, pp118-127), et les porteurs de projet peuvent b\u00e9n\u00e9ficier d&rsquo;aides \u00e0 hauteur de <strong>60% de l&rsquo;assiette \u00ab\u00a0g\u00e9othermie \u00e9tendue aux <a href=\"https:\/\/geoqual.fr\/index.php\/lexique\/\" data-type=\"URL\" data-id=\"https:\/\/geoqual.fr\/index.php\/lexique\/\" target=\"_blank\" rel=\"noreferrer noopener\">\u00e9metteurs<\/a> basse temp\u00e9rature r\u00e9versibles\u00a0\u00bb<\/strong>.<\/p>\n\n\n\n<p>Les conditions d&rsquo;\u00e9ligibilit\u00e9 techniques sont les m\u00eames que pour le Fonds Chaleur, ou le COT ENR s&rsquo;il existe localement ; sinon que d&rsquo;autres solutions de g\u00e9othermie peuvent \u00eatre consid\u00e9r\u00e9es, notamment les \u00e9changeurs compacts, ainsi que la r\u00e9cup\u00e9ration de chaleur dans des eaux superficielles (barrages, \u00e9tangs, &#8230;)<\/p>\n\n\n\n<p>La principale condition pour l&rsquo;\u00e9ligibilit\u00e9 \u00e0 ces aides est de <strong>mettre en \u0153uvre des actions dites \u00ab\u00a0de d\u00e9monstration\u00a0\u00bb<\/strong> : le porteur de projet doit justifier comment il compte communiquer dans la dur\u00e9e autour de son installation, afin de sensibiliser ses r\u00e9seaux propres et donner envie \u00e0 d&rsquo;autres d&rsquo;\u00e9tudier une solution similaire.<\/p>\n\n\n\n<p>Le point d&rsquo;entr\u00e9e est le Conseil r\u00e9gional, via sa direction Europe. Ces aides sont cumulables avec celles du Fonds Chaleur (ou du COT ENR s&rsquo;il est pr\u00e9sent localement) ainsi qu&rsquo;avec celles du CRST : la r\u00e8gle de l&rsquo;encadrement communautaire s&rsquo;applique, de sorte que ces cumuls permettent tr\u00e8s souvent d&rsquo;<strong>atteindre le plafond de subventions publiques<\/strong> auxquelles le porteur peut pr\u00e9tendre pour son installation de g\u00e9othermie (cf. \u00ab\u00a0encadrement communautaire\u00a0\u00bb dans le <a href=\"https:\/\/www.geoqual.fr\/index.php\/lexique\/\" data-type=\"link\" data-id=\"https:\/\/www.geoqual.fr\/index.php\/lexique\/\">lexique<\/a>).<\/p>\n\n\n\n<p>Le <strong>d\u00e9p\u00f4t des demandes<\/strong> de subvention se fait en ligne : <a href=\"https:\/\/nosaidesenligneregion.centre-valdeloire.fr\/\">https:\/\/nosaidesenligneregion.centre-valdeloire.fr\/<\/a>.<br>Si l&rsquo;avancement n&rsquo;est pas suffisant pour proc\u00e9der au d\u00e9p\u00f4t de la demande, il est fortement recommand\u00e9 de contacter au plus t\u00f4t le Conseil r\u00e9gional pour <strong>d\u00e9poser un formulaire de saisine<\/strong> : ce document, simple \u00e0 remplir, permet d&rsquo;acter l&rsquo;ant\u00e9riorit\u00e9 de la demande et d&rsquo;\u00e9viter que de premi\u00e8res d\u00e9penses ne deviennent in\u00e9ligibles. Pour ce faire, le service instructeur est joignable \u00e0 l&rsquo;adresse ext-europe[AT]centrevaldeloire.fr<\/p>\n","protected":false},"excerpt":{"rendered":"<p>Le Fonds europ\u00e9en de d\u00e9veloppement r\u00e9gional (FEDER) est un dispositif europ\u00e9en g\u00e9r\u00e9 localement par le Conseil r\u00e9gional. Un appel \u00e0 propositions \u00ab\u00a0g\u00e9othermie\u00a0\u00bb est pr\u00e9sent dans ce dispositif (cf. action 18, pp118-127), et les porteurs de projet peuvent b\u00e9n\u00e9ficier d&rsquo;aides \u00e0 hauteur de 60% de l&rsquo;assiette \u00ab\u00a0g\u00e9othermie \u00e9tendue aux \u00e9metteurs basse temp\u00e9rature r\u00e9versibles\u00a0\u00bb. Les conditions d&rsquo;\u00e9ligibilit\u00e9 [&hellip;]<\/p>\n","protected":false},"author":1,"featured_media":0,"parent":0,"menu_order":0,"comment_status":"closed","ping_status":"closed","template":"","meta":{"footnotes":""},"class_list":["post-93","page","type-page","status-publish","hentry"],"_links":{"self":[{"href":"https:\/\/www.geoqual.fr\/index.php\/wp-json\/wp\/v2\/pages\/93","targetHints":{"allow":["GET"]}}],"collection":[{"href":"https:\/\/www.geoqual.fr\/index.php\/wp-json\/wp\/v2\/pages"}],"about":[{"href":"https:\/\/www.geoqual.fr\/index.php\/wp-json\/wp\/v2\/types\/page"}],"author":[{"embeddable":true,"href":"https:\/\/www.geoqual.fr\/index.php\/wp-json\/wp\/v2\/users\/1"}],"replies":[{"embeddable":true,"href":"https:\/\/www.geoqual.fr\/index.php\/wp-json\/wp\/v2\/comments?post=93"}],"version-history":[{"count":6,"href":"https:\/\/www.geoqual.fr\/index.php\/wp-json\/wp\/v2\/pages\/93\/revisions"}],"predecessor-version":[{"id":246,"href":"https:\/\/www.geoqual.fr\/index.php\/wp-json\/wp\/v2\/pages\/93\/revisions\/246"}],"wp:attachment":[{"href":"https:\/\/www.geoqual.fr\/index.php\/wp-json\/wp\/v2\/media?parent=93"}],"curies":[{"name":"wp","href":"https:\/\/api.w.org\/{rel}","templated":true}]}}

<p>Le Fonds européen de développement régional (FEDER) est un dispositif européen géré localement par le Conseil régional. Un appel à propositions « géothermie » est présent dans ce dispositif (cf. <a href="https://www.europeocentre-valdeloire.eu/wp-content/uploads/2024/06/DOMO-21-27-Version20240529.pdf">action 18</a>, pp118-127), et les porteurs de projet peuvent bénéficier d&rsquo;aides à hauteur de <strong>60% de l&rsquo;assiette « géothermie étendue aux <a href="https://geoqual.fr/index.php/lexique/" data-type="URL" data-id="https://geoqual.fr/index.php/lexique/" target="_blank" rel="noreferrer noopener">émetteurs</a> basse température réversibles »</strong>.</p>



<p>Les conditions d&rsquo;éligibilité techniques sont les mêmes que pour le Fonds Chaleur, ou le COT ENR s&rsquo;il existe localement ; sinon que d&rsquo;autres solutions de géothermie peuvent être considérées, notamment les échangeurs compacts, ainsi que la récupération de chaleur dans des eaux superficielles (barrages, étangs, &#8230;)</p>



<p>La principale condition pour l&rsquo;éligibilité à ces aides est de <strong>mettre en œuvre des actions dites « de démonstration »</strong> : le porteur de projet doit justifier comment il compte communiquer dans la durée autour de son installation, afin de sensibiliser ses réseaux propres et donner envie à d&rsquo;autres d&rsquo;étudier une solution similaire.</p>



<p>Le point d&rsquo;entrée est le Conseil régional, via sa direction Europe. Ces aides sont cumulables avec celles du Fonds Chaleur (ou du COT ENR s&rsquo;il est présent localement) ainsi qu&rsquo;avec celles du CRST : la règle de l&rsquo;encadrement communautaire s&rsquo;applique, de sorte que ces cumuls permettent très souvent d&rsquo;<strong>atteindre le plafond de subventions publiques</strong> auxquelles le porteur peut prétendre pour son installation de géothermie (cf. « encadrement communautaire » dans le <a href="https://www.geoqual.fr/index.php/lexique/" data-type="link" data-id="https://www.geoqual.fr/index.php/lexique/">lexique</a>).</p>



<p>Le <strong>dépôt des demandes</strong> de subvention se fait en ligne : <a href="https://nosaidesenligneregion.centre-valdeloire.fr/">https://nosaidesenligneregion.centre-valdeloire.fr/</a>.<br>Si l&rsquo;avancement n&rsquo;est pas suffisant pour procéder au dépôt de la demande, il est fortement recommandé de contacter au plus tôt le Conseil régional pour <strong>déposer un formulaire de saisine</strong> : ce document, simple à remplir, permet d&rsquo;acter l&rsquo;antériorité de la demande et d&rsquo;éviter que de premières dépenses ne deviennent inéligibles. Pour ce faire, le service instructeur est joignable à l&rsquo;adresse ext-europe[AT]centrevaldeloire.fr</p>

<p>Le Fonds européen de développement régional (FEDER) est un dispositif européen géré localement par le Conseil régional. Un appel à propositions « géothermie » est présent dans ce dispositif (cf. action 18, pp118-127), et les porteurs de projet peuvent bénéficier d&rsquo;aides à hauteur de 60% de l&rsquo;assiette « géothermie étendue aux émetteurs basse température réversibles ». Les conditions d&rsquo;éligibilité [&hellip;]</p>
